the greatest common divisor of 513 and 429321492?
513
What is the greatest common divisor of 68050815 and 63?
21
What is the greatest common factor of 53721 and 2221992?
1143
What is the greatest common divisor of 1396 and 8633562?
698
What is the greatest common divisor of 9292 and 5560?
4
What is the highest common divisor of 2867645 and 935?
935
What is the greatest common factor of 318714612 and 12?
12
Calculate the highest common divisor of 152 and 5683983.
19
What is the greatest common factor of 264724438 and 682?
682
What is the greatest common divisor of 35443 and 4288?
67
What is the highest common factor of 30030 and 22760738?
2002
What is the highest common factor of 753125 and 69890?
1205
What is the greatest common factor of 13 and 1032341?
1
What is the greatest common divisor of 712376946 and 2502?
2502
Calculate the greatest common factor of 22037652 and 10584.
1764
What is the highest common factor of 610991645 and 170?
85
Calculate the highest common factor of 32836608 and 216.
72
What is the greatest common factor of 3500 and 1973300?
700
Calculate the greatest common factor of 18770292 and 10004.
164
What is the highest common divisor of 18409521 and 2925?
39
What is the highest common divisor of 249 and 1620741?
249
Calculate the highest common factor of 395148 and 3635892.
2652
Calculate the greatest common divisor of 5999790 and 32250.
1290
Calculate the greatest common factor of 9381 and 3017319.
177
What is the highest common factor of 71824 and 260228?
268
What is the greatest common divisor of 42926971 and 124?
31
Calculate the highest common factor of 1209 and 42533426.
403
Calculate the greatest common factor of 26 and 29371225.
13
Calculate the greatest common divisor of 408 and 19892.
4
Calculate the greatest common divisor of 1035 and 6989769.
207
Calculate the highest common divisor of 63512 and 200810.
934
What is the highest common factor of 1150 and 1209340?
230
What is the highest common divisor of 5265 and 532740?
195
Calculate the greatest common divisor of 929300 and 4300.
100
What is the highest common factor of 63465317 and 5163?
1721
Calculate the highest common factor of 18513 and 41248647.
1683
What is the greatest common factor of 82052931 and 17?
17
Calculate the highest common factor of 12928827 and 81789.
411
What is the greatest common divisor of 1638604177 and 17?
17
Calculate the highest common divisor of 1151153740 and 394.
394
What is the highest common factor of 15559468 and 4?
4
Calculate the highest common factor of 41 and 1160021.
1
Calculate the highest common divisor of 290952 and 7407.
9
What is the greatest common factor of 833 and 13074241?
17
What is the highest common divisor of 2106958263 and 59?
59
Calculate the highest common divisor of 7696500 and 36750.
5250
Calculate the highest common divisor of 3523 and 107599466.
3523
Calculate the greatest common factor of 1000 and 80900.
100
What is the greatest common divisor of 4325 and 133729?
173
What is the highest common divisor of 135278 and 144738?
946
What is the greatest common factor of 21939962 and 425?
17
Calculate the greatest common factor of 1434 and 12020266.
478
What is the greatest common divisor of 99520 and 41330?
10
What is the greatest common divisor of 10822976 and 256?
64
Calculate the highest common divisor of 255528 and 12376.
728
What is the greatest common factor of 47963258 and 38?
38
What is the greatest common divisor of 89109687 and 123?
123
What is the highest common divisor of 1558 and 13653205?
41
What is the highest common divisor of 29 and 178628458?
29
What is the greatest common factor of 450 and 9284820?
30
What is the greatest common divisor of 10500 and 1596?
84
What is the highest common factor of 3043 and 232679?
17
What is the greatest common factor of 29 and 31636303?
29
What is the highest common divisor of 118786928 and 5056?
1264
What is the highest common factor of 125156 and 648?
4
What is the highest common divisor of 432 and 646452?
36
Calculate the highest common divisor of 1035870 and 4128.
258
What is the greatest common divisor of 866292 and 84?
84
What is the greatest common divisor of 1736 and 602326?
2
What is the highest common divisor of 268667337 and 34?
17
What is the greatest common factor of 248402464 and 48?
16
Calculate the highest common divisor of 10481336 and 129.
43
Calculate the greatest common factor of 195259561 and 3668.
917
Calculate the highest common factor of 68972 and 93052.
172
Calculate the highest common factor of 431256927 and 114.
57
What is the greatest common divisor of 30174656 and 153698?
4154
Calculate the greatest common factor of 166752 and 13032.
72
What is the highest common factor of 3 and 25104711?
3
Calculate the highest common divisor of 552 and 22531812.
276
What is the highest common divisor of 605 and 11209847?
11
Calculate the greatest common factor of 9228543 and 2944.
23
Calculate the highest common factor of 1729454 and 666.
74
What is the highest common divisor of 62 and 1073826732?
62
Calculate the greatest common factor of 352 and 4501568.
32
Calculate the highest common factor of 35937 and 178233.
363
What is the highest common divisor of 3464532 and 576?
36
Calculate the highest common factor of 352 and 380644.
44
What is the greatest common divisor of 44156 and 186466?
266
What is the highest common divisor of 80 and 27088180?
20
Calculate the highest common divisor of 3430 and 9070670.
70
What is the greatest common factor of 112590 and 620?
10
Calculate the greatest common factor of 1188 and 1099692.
396
What is the greatest common divisor of 6545991 and 4071?
177
Calculate the greatest common factor of 2415 and 67657030.
805
What is the highest common factor of 469 and 71729?
7
What is the highest common divisor of 4550854 and 17864?
4466
Calculate the greatest common factor of 27 and 15032529.
9
What is the highest common factor of 16030 and 1643390?
70
What is the highest common divisor of 72 and 14495121?
9
Calculate the highest common factor of 361777584 and 2352.
2352
What is the highest common divisor of 61201560 and 60?
60
Calculate the greatest common divisor of 396 and 805772.
44
Calculate the highest common divisor of 703 and 12974198.
37
Calculate the greatest common factor of 58072 and 206363.
1037
Calculate the greatest common factor of 816354 and 10626.
462
What is the highest common factor of 18450 and 13230?
90
What is the greatest common factor of 36956816 and 2080?
208
What is the highest common factor of 250207356 and 100128?
12516
What is the highest common factor of 252 and 162061326?
126
Calculate the highest common divisor of 1723711 and 61424.
3839
What is the greatest common factor of 409 and 143830576?
409
What is the greatest common divisor of 1584346 and 1339?
103
What is the highest common divisor of 370688464 and 12170?
2434
What is the greatest common divisor of 1782 and 904775751?
891
What is the highest common divisor of 9291991 and 508141?
1889
What is the greatest common divisor of 57747040 and 416?
416
Calculate the highest common factor of 6 and 21918882.
6
What is the highest common factor of 5435160 and 24?
24
What is the highest common divisor of 589 and 30889991?
19
What is the highest common factor of 9423342 and 276?
6
What is the greatest common divisor of 218764 and 205660?
364
What is the greatest common factor of 43936 and 6452?
4
What is the greatest common divisor of 781006739 and 67?
67
Calculate the greatest common divisor of 846 and 52563249.
423
What is the greatest common factor of 687204 and 91203?
2121
What is the highest common factor of 52803850 and 3534?
1178
What is the highest common divisor of 1901592 and 11592?
504
What is the highest common divisor of 1288 and 702674?
14
Calculate the highest common factor of 177675510 and 940.
470
What is the highest common divisor of 56775 and 2052227?
757
What is the highest common factor of 12 and 221463852?
12
What is the greatest common factor of 556118 and 4234660?
5102
What is the highest common divisor of 291472412 and 42?
14
What is the highest common divisor of 516578 and 64010?
346
What is the highest common factor of 18506 and 57534667?
487
Calculate the greatest common divisor of 171906 and 861.
21
Calcula